-10?
1301
In base 12, what is 2 + -2a30?
-2a2a
In base 10, what is -226 + -15?
-241
In base 2, what is -111100000 - 110?
-111100110
In base 10, what is 3680 - 2?
3678
In base 13, what is 5 + -19?
-14
In base 16, what is 245 - -3?
248
In base 13, what is -38 - -5?
-33
In base 6, what is 14 + 14?
32
In base 15, what is 528 + -9?
51e
In base 2, what is -10 + 100101001101?
100101001011
In base 8, what is 512 + -2?
510
In base 9, what is -4 + -455?
-460
In base 3, what is -22 - 12?
-111
In base 4, what is 11 + 13322?
13333
In base 15, what is -8e0 + -2?
-8e2
In base 8, what is -5 + 3232?
3225
In base 16, what is -7ad - 0?
-7ad
In base 6, what is -2 + 1315?
1313
In base 14, what is 4 + -153?
-14d
In base 7, what is -23 - -2540?
2514
In base 5, what is -4120 + -130?
-4300
In base 8, what is -1325 - 0?
-1325
In base 11, what is -4 + a0?
97
In base 13, what is -2c - 4?
-33
In base 8, what is -6 + -6312?
-6320
In base 5, what is 31 + 10134?
10220
In base 16, what is 403 - -1?
404
In base 7, what is -3 + -25?
-31
In base 5, what is 10 - 1033?
-1023
In base 13, what is -5 + -b59?
-b61
In base 10, what is -15 - -264?
249
In base 15, what is -13e3 + 0?
-13e3
In base 2, what is -101 - 100010010?
-100010111
In base 15, what is -4 - 1a12?
-1a16
In base 4, what is -1201231 + 10?
-1201221
In base 14, what is -5 - 67?
-6c
In base 4, what is -112312 + 1?
-112311
In base 3, what is -2 + -1010?
-1012
In base 3, what is 2 + -20221?
-20212
In base 12, what is -5 - -b28?
b23
In base 16, what is -7 - -16?
f
In base 6, what is 1 + 11?
12
In base 3, what is -21 - 120?
-211
In base 16, what is 3 - e?
-b
In base 13, what is -2aa - 16?
-2c3
In base 6, what is 20312 - -1?
20313
In base 15, what is 23 - -1d?
41
In base 8, what is 127 + 5?
134
In base 9, what is -5 - 230?
-235
In base 2, what is -10101 + -111?
-11100
In base 8, what is 2 + 1620?
1622
In base 8, what is 5 + 165?
172
In base 5, what is -113 - 3141?
-3304
In base 16, what is -135b + 3?
-1358
In base 2, what is 10100 - -100001?
110101
In base 9, what is 1631 - -2?
1633
In base 10, what is 5 - 1261?
-1256
In base 7, what is -13 + 16?
3
In base 9, what is -3 + 517?
514
In base 10, what is 10 - -1?
11
In base 7, what is -24 + -1?
-25
In base 9, what is 0 + -2?
-2
In base 10, what is -111 + 39?
-72
In base 11, what is 6 + 14?
1a
In base 10, what is -177 - 7?
-184
In base 10, what is -2826 + 1?
-2825
In base 11, what is 55 + -80?
-26
In base 13, what is -36 + -4?
-3a
In base 8, what is -2170 - 5?
-2175
In base 11, what is 347 - -4?
350
In base 8, what is 3651 - -2?
3653
In base 12, what is -4 + 6b5?
6b1
In base 11, what is 1 + -36?
-35
In base 12, what is -254 + -3?
-257
In base 4, what is -2313 - 30?
-3003
In base 6, what is -2503 - -5?
-2454
In base 6, what is 4500 - -1?
4501
In base 5, what is -30331 + 11?
-30320
In base 5, what is -3 - -114?
111
In base 9, what is 4 - 5183?
-5178
In base 4, what is 10 - -1021?
1031
In base 14, what is -7 - 10?
-17
In base 7, what is 4 - -4?
11
In base 10, what is -4 + -326?
-330
In base 12, what is -12 + -11?
-23
In base 5, what is 3212 - -214?
3431
In base 10, what is -11 + -3?
-14
In base 11, what is 5 + -24?
-1a
In base 8, what is 41416 - 5?
41411
In base 5, what is -1 + -12311?
-12312
In base 3, what is 0 + -112222?
-112222
In base 3, what is 11112 - -202?
12021
In base 4, what is 220313 + 1?
220320
In base 4, what is -12 - -210?
132
In base 16, what is 21 - 1bc?
-19b
In base 14, what is 4 - -421?
425
In base 3, what is 11 - -110110?
110121
In base 9, what is -33 + 8?
-24
In base 14, what is -ba4 - -3?
-ba1
In base 5, what is -11 - -1133?
1122
In base 14, what is -4 - 466?
-46a
In base 2, what is -110110000 - -1001?
-110100111
In base 5, what is -3220 - 1?
-3221
In base 13, what is -7 + 9?
2
In base 3, what is -22 - -22202?
22110
In base 2, what is -100 - 10101011?
-10101111
In base 8, what is -40 + 2?
-36
In base 13, what is 36a - 10?
35a
In base 4, what is 130 + 20?
210
In base 7, what is 323 - -20?
343
In base 15, what is -837 + d?
-829
In base 7, what is 5 - -45?
53
In base 15, what is 63c4 + -4?
63c0
In base 16, what is cdf - 2?
cdd
In base 6, what is -44 + 4?
-40
In base 6, what is -325 + 0?
-325
In base 6, what is -251100 - -5?
-251051
In base 3, what is -11 - 12202?
-12220
In base 3, what is -122121 + -12?
-122210
In base 4, what is -1110 + 130?
-320
In base 5, what is -10 + -33?
-43
In base 4, what is -330 - 11?
-1001
In base 11, what is -15 - -19?
4
In base 2, what is -1011001 + 1110111?
11110
In base 12, what is -1 + -3018?
-3019
In base 15, what is -1 - -88?
87
In base 6, what is -114 + -3?
-121
In base 8, what is 0 + 57?
57
In base 11, what is -4 + 282a?
2826
In base 11, what is 141 - -4?
145
In base 6, what is -14 + 142?
124
In base 5, what is -2303 - -1?
-2302
In base 12, what is b - 5?
6
In base 14, what is 0 - -14ca?
14ca
In base 2, what is -100101 + -1000?
-101101
In base 3, what is -1101 - 100?
-1201
In base 13, what is -3 + 11?
b
In base 11, what is 150 + 11?
161
In base 15, what is -2 - 8?
-a
In base 13, what is -1 - 199b?
-199c
In base 7, what is 131 - 323?
-162
In base 6, what is 5501 - 1?
5500
In base 3, what is -1 - 1222221?
-1222222
In base 3, what is 101 + 12?
120
In base 15, what is -1261 - -4?
-125c
In base 13, what is -1c - 3?
-22
In base 4, what is -3 + 1113?
1110
In base 16, what is 2 + -5e6?
-5e4
In base 13, what is -7 + -39?
-43
In base 6, what is 121 - 1031?
-510
In base 7, what is -15006 + 1?
-15005
In base 9, what is -2 - 470?
-472
In base 16, what is -7 - -2?
-5
In base 12, what is 0 - 1b?
-1b
In base 6, what is 314 - 5?
305
In base 2, what is 11001 - -10110?
101111
In base 9, what is -34780 + 5?
-34774
In base 3, what is 202 + -11?
121
In base 3, what is -1200 + 111?
-1012
In base 3, what is -11102 + 0?
-11102
In base 9, what is -45202 - 2?
-45204
In base 13, what is a - 1b?
-11
In base 8, what is -146 - 40?
-206
In base 16, what is 2 + 1f?
21
In base 15, what is b + 1ad?
1b9
In base 5, what is -40 - 122?
-212
In base 9, what is 4 + 56?
61
In base 12, what is -1 + -35?
-36
In base 3, what is 2 - 112200?
-112121
In base 7, what is -32 - 41?
-103
In base 6, what is -100 + 1?
-55
In base 11, what is -237 - -1?
-236
In base 2, what is -10000 + -1111111?
-10001111
In base 15, what is 2 + 1a?
1c
In base 10, what is 3 + -2153?
-2150
In base 2, what is 10010 + 1000000000?
1000010010
In base 12, what is 3 + 21?
24
In base 9, what is 14 - -354?
368
In base 3, what is 101210 - 211?
100222
In base 2, what is -101 + 1101111001?
1101110100
In base 7, what is 30 - 111?
-51
In base 12, what is 3 + -49?
-46
In base 11, what is 1 + -1085?
-1084
In base 15, what is -1e - -7?
-17
In base 14, what is -4 - 570?
-574
In base 9, what is 72 - -4?
76
In base 10, what is -468 - 32?
-500
In base 16, what is c3 - -61?
124
In base 11, what is -1 + 3a3?
3a2
In base 12, what is -464 + 1?
-463
In base 13, what is 5 - a8?
-a3
In base 16, what is 0 + 3b?
3b
In base 8, what is -421 + -3?
-424
In base 13, what is -1 + -a61?
-a62
In base 7, what is -11 + 52?
41
In base 13, what is 96 - -5?
9b
In base 5, what is 10322 - -4?
10331
In base 14, what is -7237 + 2?
-7235
In base 15, what is -156a + 1?
-1569
In base 12, what is 5 + -3a?
-35
In base 7, what is 2 + 2311?
2313
In base 16, what is 1 + 3a2?
3a3
In base 16, what is -1d4 - -2?
-1d2
In base 4, what is 320110 - 2?
320102
In base 3, what is -200 + 1021?
121
In base 2, what is 1000 + 11?
1011
In base 13, what is 2 - 218?
-216
In base 2, what is -11001000111 - -1?
-11001000110
In base 15, what is -2d + -6?
-34
In base 12, what is 3 + -3?
0
In base 7, what is 20 - 22?
-2
In base 2, what is -10011001 + 1000111?
-1010010
In base 16, what is -14 + 6?
-e
In base 2, what is 1110111 + 10100001?
100011000
In base 6, what is -11 - -13?
2
In base 5, what is 13 + -4123?
-4110
In base 9, what is 0 - 3442?
-3442
In base 12, what is -7 - -109?
102
In base 15, what is -4 - 78?
-7c
In base 9, what is 1045 + -46?
888
In base 10, what is -3 + 58?
55
In base 9, what is -1 - 288?
-300
In base 15, what is -1c - a5?
-c2
In base 4, what is 3133120 + 11?
3133131
In base 5, what is 2 + 10143?
10200
In base 10, what is -3 + -70?
-73
In base 6, what is 523 - 5?
514
In base 12, what is -5 - -5?
0
In base 4, what is 22 - -3?
31
In base 8, what is -3 - -